of -7 - 31*o**2 + o + 39*o**2 + j. Determine m(-1).
-15
Let a(f) = 582*f + 18 - 298*f - 288*f. What is a(8)?
-14
Let a(j) = 12*j + 2. Suppose 113*h + 16 = 117*h. Suppose -2*y + 33*r - 29*r + 24 = 0, 0 = 5*y - h*r - 30. What is a(y)?
26
Let p(v) be the second derivative of v**4/12 + v**3/2 + v**2 + v. Let c(q) = -26 - 11*q + q**2 + 26*q - 17*q. Let o be c(6). Calculate p(o).
0
Let t(u) = -4 + 4 - u**3 + 17. Suppose -159157*w + 159123*w = 0. Give t(w).
17
Let z(j) = j**2 + 3*j - 5. Let r = 8417 + -8301. Let d = -4 + -118. Let i = d + r. Give z(i).
13
Let x(r) = r**3 - 12*r**2 - 14*r + 9. Let c be (40/(-16) - (-2)/4)*-95. Let l be 252/(-441) - 2*c/(-28). Determine x(l).
-4
Suppose 96 = 2*z - 2*j, -2 = -5*j - 17. Suppose -7*q - z = -22*q. Let l(d) = 17014 - 17014 + d**2 - d**q. Calculate l(0).
0
Let r(m) = m**3 - 8*m**2 - 7*m - 9. Let l = -597 - -606. Calculate r(l).
9
Let h(a) = -25 + 6284*a + 32 - 6293*a. Determine h(0).
7
Let m(n) = -321*n**3 + 4*n**2 + 17*n - 323*n**3 + 983*n**3 - 42 - 340*n**3. Calculate m(6).
-12
Suppose 2*x + 2*x = 4*z + 12, -z + 1 = -5*x. Let y(l) = -5*l + 4 + 9*l + 954*l**2 + l**3 - 950*l**2. What is y(z)?
-12
Suppose 10*m - 4 = 8*m. Let k(s) be the first derivative of -s**4/2 + s - 1821. Give k(m).
-15
Suppose -615 = -9*i + 1176. Let f(x) = 192*x + 5*x**2 - 9 + x**3 - 399*x + i*x. Give f(-6).
3
Suppose 2*z = 4*z + 4*w + 338, 0 = -z + 4*w - 163. Let d = -165 - z. Let a(g) = 2*g**2 - 2*g - 2. What is a(d)?
2
Let d(x) be the second derivative of x**3/2 - 3*x**2/2 - x. Let p(f) = 45*f - 68. Let h be p(-9). Let n = 477 + h. Calculate d(n).
9
Let n be (2 - 0)/(22/2079). Suppose -n = -5*o + 31. Let i = 39 - o. Let a(z) = -z**3 - 4*z**2 + z + 1. Determine a(i).
21
Let l(w) be the third derivative of -w**5/30 - 5*w**4/24 - 11*w**3/6 - 3110*w**2. Calculate l(-8).
-99
Let n(a) = -a**2 - 3*a + 25. Suppose 675*t + 9 = 678*t. Let l be n(t). Let c(h) = -h**3 + 6*h**2 + 6*h - 3. What is c(l)?
-10
Let w(k) = 8*k**3 + k**2 - k. Let c(a) = 3*a**2 + 2*a + 16. Let q(x) = -x**2 - x. Let s(m) = c(m) + 4*q(m). Let l be s(-5). What is w(l)?
8
Let m(u) = 9*u - 75. Suppose -6*a + 44 = -l, 25 - 23 = -l. Calculate m(a).
-12
Let k(x) = x + 4. Let o(l) = -2*l - 11. Let b(m) = -m - 1. Let z be b(-4). Let i be 2/z - (-44)/6. Let c(r) = i*k(r) + 3*o(r). Determine c(-2).
-5
Let r(y) = -15 + 11 + 4*y - y. Let d(m) = -m**2 + 14*m - 43. Let n be d(9). Let c be r(n). Let j(t) = 6*t - 1. Give j(c).
11
Let n = -397 + 400. Let j(l) = -393*l - l**2 + 786*l - 392*l - n - l**3. Give j(-3).
12
Let t = -550 - -554. Let c(v) = -74*v + 8 - 60*v + 131*v. What is c(t)?
-4
Let c(d) = 11*d**3 - 17*d**2 + 13*d - 9. Let m(o) = 5*o**3 - 8*o**2 + 6*o - 4. Let k(j) = 4*c(j) - 9*m(j). Suppose -45*b + 2936 - 2801 = 0. Give k(b).
3
Let n(i) = -i**3 + 5*i**2 + 2*i - 3. Let f(h) = h**3 - 32*h**2 - 68*h + 5. Let c(p) = -p**2 - 9*p + 70. Let z be c(-12). Let l be f(z). Determine n(l).
7
Let z(k) = 10*k - 2*k + 21*k**2 - k**3 + 9*k - k**2 - 1059 + 1144. Determine z(21).
1
Let b(f) = f**2 - 470*f - 4797. Let d be b(-10). Let z = -8 - -11. Let a(j) = j + z*j - 6*j + 3. What is a(d)?
-3
Suppose 3 = -3*d - 3. Suppose 5*q - 2*t + 2 = 3*q, -5*q - 37 = 3*t. Let x(w) = w**2 + w. Let i(n) = 6*n**2 + 5*n. Let g(k) = q*x(k) + i(k). Determine g(d).
4
Let k(i) = 5*i - 14. Let o(g) = -4*g + 13. Let a(j) = -3*k(j) - 4*o(j). Let d be -7 + ((-10)/(-1) - -2 - 12). What is a(d)?
-17
Let g(b) be the first derivative of 6*b - 10 - 5/12*b**4 + 2*b**2 - 1/2*b**3 + 1/20*b**5. Let c(i) be the first derivative of g(i). What is c(5)?
-11
Let m(u) = 4*u + 4. Suppose -29*i = -41*i - 36. Let c(p) = -3*p - 5. Let j(g) = i*c(g) - 2*m(g). Determine j(0).
7
Let k(v) = 8*v**2 + 32*v + 1. Let b(h) = -33*h**2 - 129*h - 3. Let m(a) = 5*b(a) + 21*k(a). Determine m(-12).
114
Let r(j) = 2*j**3 - 6*j**2 - 7*j + 8. Suppose v = 4*s - 1120 + 1109, 5*v = 3*s + 13. Give r(v).
73
Suppose -15*v + 13*v = -4*u - 44, 55 = 4*v + 3*u. Let f(j) = -9*j + 21 - v - 5. Calculate f(1).
-9
Let p(i) = -i**2 + 4*i + 3. Suppose 0*b = 5*b + 50. Let o = -71 + 55. Let t = b - o. What is p(t)?
-9
Suppose -49 + 57 = 4*j. Let a(b) = 2 - 2 - j - b**2 - 9*b - 5. Suppose -4*n - 4 - 9 = 5*c, -5*n = 5*c + 20. Give a(n).
7
Let w(v) = -v**3 - 3*v**2 + 2*v - 3. Let p = 39 + -35. Suppose -11 - 1 = -4*h. Let l be (16/3)/p*h/2. Determine w(l).
-19
Let c be (-2)/(-9) - ((-602)/(-18))/(-7). Suppose -5*m = -4*j - c, 4*j - 3*j = -3*m + 3. Let a(s) = s + 2. What is a(j)?
2
Let u(a) = 0 + 5*a - 2*a - 2*a + 1. Let r(i) = -5*i + 1. Let x(f) = 8*f - 2. Let l(g) = 5*r(g) + 3*x(g). Let p(o) = 5*l(o) + 3*u(o). What is p(-3)?
4
Let j(b) = -9*b**3 - 14*b**2 - 9*b - 78. Let w(a) = 5*a**3 + 8*a**2 + 5*a + 39. Let k(v) = 4*j(v) + 7*w(v). Give k(0).
-39
Suppose -292*t - 16 = -300*t. Let h(y) = -16*y + 16. Determine h(t).
-16
Let p(l) = 12*l - 61. Let s = -2411 + 2417. What is p(s)?
11
Suppose b + 39*l - 23 = 36*l, 44 = 4*b + 4*l. Let y(t) = -6*t + 31. What is y(b)?
1
Let r(z) be the first derivative of 1/2*z**2 - 77 + 5*z. Calculate r(7).
12
Let i(x) be the third derivative of x**6/120 - x**5/15 + x**4/24 - x**3/6 - 2*x**2 + 2*x - 57. What is i(2)?
-7
Let t(y) be the first derivative of 7*y**3/3 + 5*y**2/2 + 33*y + 67. Let h(l) = -3*l**2 - 2*l - 15. Let z(v) = 9*h(v) + 4*t(v). What is z(3)?
12
Let q(c) = 19*c**2 + 2*c + 134. Let x(s) = 2*s**2 + 12. Let b(o) = q(o) - 10*x(o). Determine b(-3).
-1
Let s = 2024 - 2021. Let g(q) = -20*q**3 + q**2 + q + 1. Let i be g(-1). Suppose s*y + 0 = i. Let l(a) = -a**3 + 7*a**2 - a + 10. Calculate l(y).
3
Let f(d) = -d**3 + 12*d**2 + 3*d - 28. Let v be f(12). Let k(x) = -17*x + 1 + 8*x + v*x + 1. Let b be (24/15)/(4/10). Calculate k(b).
-2
Let u(c) = 2*c**2 - 2*c + 10. Let z be u(-12). Let i(j) = 3*j**3 - 7*j**2 - 12*j - 4. Let o be i(6). Let f(p) = p + z - o - 2*p. Give f(7).
-5
Suppose -8 + 56 = 4*y - 3*c, 3*c - 12 = 0. Let i be (-1 + y/(-5))/1. Let m(t) = 2*t**2 + 6*t + 2. Determine m(i).
10
Let b(a) = -a**3 + 9*a**2 + a - 3. Let h(l) = 8*l + 89. Let c be h(-23). Let x = 104 + c. Give b(x).
6
Suppose -458 = -30*f - 98. Let u(n) = n**3 - 13*n**2 + 10*n + 26. What is u(f)?
2
Let p be -7 - -2 - (-140)/10. Suppose -p*f - 72 = -9. Let a(k) = k**3 + 8*k**2 + 7*k + 5. Calculate a(f).
5
Let x(g) = g + 6. Let j = -2271 - -2267. Calculate x(j).
2
Suppose 0 = -g - c - 38 + 998, -g + 968 = 3*c. Let b = g - 954. Let i(s) = -5*s + 4. What is i(b)?
-6
Let j(r) = r - 1. Let y(f) = 3*f - 325 + 164 + 158. Let q(o) = 3*j(o) - 2*y(o). Calculate q(6).
-15
Suppose 3*p + 4*r + 5 = -12, -4*p + 4*r = -24. Let t be (1 - 23)*p*(-2)/4. Let f(a) = 1 + 0 + t*a - a**2 - 6. Determine f(6).
25
Let j(d) = d**2 + d - 17. Suppose 77*k - 83*k = -18. Suppose -5*r + 3*r - p = 5, k*r - 4*p - 20 = 0. Give j(r).
-17
Let d(l) = 60*l + 848*l**2 - 48*l + 1 - 849*l**2. Calculate d(9).
28
Let i(a) be the third derivative of 2 + 0*a**3 + 0*a - 1/15*a**5 - 1/24*a**4 - 10*a**2. Calculate i(1).
-5
Let u(f) = -11*f**3 + 1. Let w = 2970 - 2969. What is u(w)?
-10
Suppose 65*m = -316 - 204. Let b = 31 + -26. Let f(j) = b*j**2 + j**3 - 7*j**2 - 2 + 10*j**2. Calculate f(m).
-2
Let f(u) = 6*u**3 - 206*u**2 + 8*u - 19. Let p(z) = -2*z**3 + 75*z**2 - 3*z + 7. Let l(o) = 4*f(o) + 11*p(o). What is l(-2)?
-9
Let x(m) = -6*m + 16. Let f(s) = -2*s**2 + 80*s - 70. Let d be f(39). Calculate x(d).
-32
Let i(j) be the third derivative of -j**6/120 + 4*j**5/15 + 29*j**4/24 - 209*j**3/6 - 6*j**2 - 385*j - 2. What is i(17)?
-5
Let c(h) = -3*h - 1. Let o be -3*(-2 + 4 + 0). Let m be (135/(-18) - o)/(6/8). Determine c(m).
5
Suppose 2*c + 2 = 0, -3*g + 3 = -c - 19. Let f(z) = 12*z - 1133. Let s(o) = o - 72. Let a(p) = f(p) - 16*s(p). What is a(g)?
-9
Let o(n) = n**3 + 2*n**2 + n + 4. Let h be o(-3). Let a be ((-126)/(-28))/((-6)/h). Let u = 9 - a. Let c(t) = t**3 - 3*t**2 - 4*t + 2. What is c(u)?
-10
Let h(g) = -g**2 + 25*g + 398. Let t be h(-11). Let y(c) be the first derivative of -1/2*c**t + 5*c - 22. Calculate y(3).
2
Let p(r) = 4*r - 5 + 2 - 5*r. Let i be (-2)/(-2)*0/13 - -1138. Let v = -1142 + i. Calculate p(v).
1
Let q(z) = 77*z + 247. Let x(l) = 34*l + 124. Let r(d) = 3*q(d) - 7*x(d). What is r(-17)?
-8
Let i(g) = 11*g**3 + g**2 + 47*g + 5. Let c(s) = 12*s**3 + s**2 + 58*s + 6. Let k(f) = 4*c(f) - 5*i(f). 